2 + 3*w + 1. Let h = -6 - -4. Let l be p(h). Suppose 5*k - 8*r = -3*r + l, 2*k = -5*r + 30. Is k a composite number?
True
Suppose -4*t = 2*c + 2, 0*c + 3*t + 15 = 3*c. Suppose c + 4 = o. Suppose -o*v + 4*v = -6. Is v composite?
False
Suppose 0 = -4*k + 5*x + 3, 3*x = -5*k - x + 14. Is k*((-623)/2)/(-7) a prime number?
True
Let z(l) = 2*l**3 - l**2 + 2*l - 1. Let c be z(1). Suppose c*h - 3*h + 4 = 0. Suppose 0*n = h*n - 124. Is n a prime number?
True
Let l = -42 + 131. Is l a composite number?
False
Let z(n) = -n**3 - 9*n**2 + 8*n + 5. Let g(b) = -b**3 - 8*b**2 + 7*b + 4. Let p(v) = 5*g(v) - 4*z(v). Let w be (20/12)/(2/(-6)). Is p(w) a prime number?
False
Let m(t) = 17*t**2 + 2. Let w be m(-2). Is (-20)/w + (-163)/(-7) composite?
False
Suppose -4*x + 263 = -57. Suppose 2*d = -2*i + 60, 2*d + d + 5*i - x = 0. Is d a composite number?
True
Suppose m - 233 = -5*i, 3*i - 211 = -2*m + 241. Is m composite?
False
Suppose -2*f - 16 = -6*h + h, 4*h - f - 14 = 0. Suppose -h*v = 4*g - 456, -4*v + 5*g = 2*g - 463. Is v a prime number?
False
Let k be (-5)/20*8/(-2). Is 0 + 77 - (-1 - k) a prime number?
True
Suppose -2*m = -0*m - 24. Is (848/m)/(6/9) a composite number?
True
Let m(s) = -s**3 + 5*s**2 + s + 1. Let x be m(4). Suppose 4*n = 3*d - x, -2*d + 11 = 4*n - 3. Is d a prime number?
True
Let i be (60/(-48))/(2/(-8)). Suppose -i*o + 1898 = x, 2*o - 158 = 2*x + 594. Is o a composite number?
False
Is (-4)/12 + (-448)/(-12) composite?
False
Suppose -t = 15 - 107. Suppose 3*l = 130 + t. Is l a prime number?
False
Let l(h) = 15*h**2 + 3*h - 5. Is l(7) a composite number?
False
Suppose 762 = -5*d + 212. Let o = d - -178. Let v = o - -19. Is v a composite number?
True
Suppose -r - 3*r - 12 = p, 3*r = 3*p + 21. Suppose 3*x + 3*s + 72 = 0, 0 = 2*x + s + 3*s + 58. Let a = p - x. Is a composite?
False
Let k(m) = m**2 + 10*m. Let d be k(-8). Let f = d + 30. Suppose -2*y - f + 42 = 0. Is y a prime number?
False
Suppose -3*v = -16 + 4. Suppose -v*b - 2*k + 228 = -642, 205 = b - 2*k. Is b a composite number?
True
Suppose 5*u - s = 3*u + 1050, -u + 523 = -s. Is u composite?
True
Suppose -8 = d - 3*d. Suppose 2*r - d*r = 0. Suppose 5*m - 4*y = 65, 4*m - y - 4*y - 52 = r. Is m composite?
False
Let t(v) = v**2 + 4*v + 3. Let k be t(-4). Suppose -k*g + 2 = -7. Is (-2)/g + 413/21 prime?
True
Suppose 8*x - 3*x - 10 = 0. Let q be x/((-3)/(-12)*2). Suppose -q*b - 5*a = -789, -b - b - 2*a + 392 = 0. Is b a prime number?
True
Suppose -3*i + 216 = i. Suppose -3*l + i = -99. Is l a prime number?
False
Let l = 1658 + -631. Is l a composite number?
True
Let a(r) = 48*r**2 - 1. Let l = -8 + 6. Is a(l) composite?
False
Let p = -5 - -2. Let o be 6 + (-6)/(-3) + p. Suppose -4*n = -2*h - 270, 0*n - o*h = n - 84. Is n a prime number?
False
Suppose 5*y + 6 - 46 = -5*t, 0 = 3*y - 2*t + 1. Suppose -3*o = 5*c - 103, 97 = y*o + 5*c - 3*c. Is o a prime number?
True
Let b be (-14)/(-6) - 2/6. Let i = 6 - b. Suppose i*o - 8*o = -76. Is o a composite number?
False
Let l be 39 - (-2*1)/1. Let s be (-60)/18*(-3)/2. Let g = l + s. Is g a prime number?
False
Let p(l) = 2*l**3 - 4*l**2 + 4*l + 1. Suppose -m - 5 = -2*m - 3*w, 2*m - 2 = 2*w. Suppose 3*g - 25 = -4*j, -3*g + m*j + 7 = 2*g. Is p(g) a prime number?
True
Let r(s) = -5*s + 5*s**2 + 2 + 1 + 3 + s**3. Let d be r(-6). Let c = 3 - d. Is c prime?
True
Let a(o) = o**2 + 4*o - 4. Let c be a(6). Let g be (-2)/2*2 + 7. Suppose -g*y + c = -y. Is y prime?
False
Suppose 3*o = m - 556, 0 = 3*m - 2*m - 2*o - 555. Suppose -g = 6*g - m. Is g a prime number?
True
Let a = 4 - 6. Let y(h) = 44*h - 3. Let o(b) = 1. Let u(x) = -4*o(x) - y(x). Is u(a) a prime number?
False
Suppose -2*s + 4*m = 26, 17 = -4*s - 2*m + 3*m. Let q = s + -3. Let y(d) = 3*d**2 + 9*d + 1. Is y(q) prime?
False
Suppose 0 = -4*q - 0*q. Is 88 + -1 - (0 + q) a prime number?
False
Let r(h) = -h**3 + 11*h**2 - 10*h + 3. Let i be r(10). Suppose i*a - 39 = -0*a. Suppose -5*d + 2*g + 2 = -17, -a = -3*d + 2*g. Is d composite?
False
Suppose 2*j - 999 = -361. Is j prime?
False
Let j(q) = -q**2 + 6*q + 6. Let y be j(7). Let r(c) = 25*c**2 - c. Is r(y) a composite number?
True
Let w = 2 + -4. Let g(t) be the first derivative of -3*t**2 - 2*t - 3. Is g(w) composite?
True
Let c = 175 - -196. Is c prime?
False
Let c be 1 + 2 + -4 + 1093. Suppose 5*m - 6337 = -c. Is m composite?
False
Suppose -1362 = -10*t + 1258. Is t composite?
True
Let o(m) = -m**3 + 7*m**2 - 2*m + 7. Let y(u) = u**3 + 8*u**2 + 8*u + 2. Let p be y(-7). Let b = p - -10. Is o(b) prime?
True
Let h = 5 + -5. Let v = 35 - 23. Suppose -4*p + h*p = -v. Is p a composite number?
False
Let z(c) = 4*c - 11. Let l be z(10). Suppose -4*q + b + 48 + 21 = 0, 2*q - l = -5*b. Let r = 30 + q. Is r a composite number?
False
Is 9/6*1636/6 prime?
True
Let w(m) = m + 5. Suppose 1 = -c, -2*f - 3*f = c + 26. Let n be w(f). Suppose n = 5*r + 3*j - 367, 2*r + 3*j - 154 = -0*r. Is r a prime number?
True
Let z = 1074 - 285. Is z a prime number?
False
Suppose -179 = 3*s - 1406. Is s prime?
True
Let l(n) = 20*n**2 + 23. Is l(-5) composite?
False
Suppose -10155 = -241*i + 236*i. Is i a prime number?
False
Suppose 21 = -3*j + 177. Suppose t - 5*f - j = -0*t, -288 = -4*t + 4*f. Is t a prime number?
False
Suppose -3*b + 3*x + 978 = 0, -3*b - 2*b + 2*x = -1615. Is b prime?
False
Suppose 35 = m + 9. Let s(g) = g**2 + 2*g + 1. Let i be s(3). Suppose 0 = q - 5*l - i - m, -4*l = 2*q - 126. Is q a prime number?
False
Let k(t) = 22*t**2 - 3*t - 6. Is k(-5) a prime number?
False
Let o = -69 - -172. Is o a composite number?
False
Suppose k + h + 8 = -320, 322 = -k - 3*h. Is k/(-9) - 2/(-9) composite?
False
Let x(l) = l - 5. Let k be x(7). Suppose 35 = k*f - 7*f. Is f/((-21)/36) + -1 a prime number?
True
Suppose 0 = 4*o - x - 844, -2*o + 422 = 7*x - 4*x. Is o composite?
False
Let u(m) = -1 - 3 + m**2 - 5. Is u(-8) composite?
True
Suppose 5*s + b + 41 = -46, -41 = 3*s - 5*b. Let c = s + 39. Is c a composite number?
True
Let h(z) be the third derivative of z**5/12 + z**4/12 - 2*z**2. Let g be h(2). Let s = g - 17. Is s a composite number?
False
Let i be (-21)/6 - 3/(-6). Let c = i + 5. Suppose 2*h - c*v + 76 = 316, -4*h + 5*v + 477 = 0. Is h a composite number?
True
Suppose 0 = 5*b - 1 - 44. Suppose -4*f + f = -b. Is f a composite number?
False
Suppose 0 = -6*y + y + 3*b + 151, 4*b + 84 = 3*y. Let c = 16 + y. Let s = c + -27. Is s prime?
False
Let h(y) be the first derivative of -y**4/4 + y**3/3 - y**2/2 + 32*y + 2. Let s be h(0). Let j = s - 17. Is j a composite number?
True
Is (2/4)/((-11)/(-15422)) composite?
False
Let m be 1248/27 - 4/18. Suppose -m = -b - 8. Is b a prime number?
False
Let x = 168 - 237. Let s = 290 + x. Is s a prime number?
False
Let p = 1 + 3. Let k = p + -4. Suppose 0 = -k*y + y - 34. Is y composite?
True
Let z(k) = k**3 - 10*k**2 + 18*k - 1. Is z(12) prime?
True
Is 1655/5 - (0 + 0) a composite number?
False
Suppose 10 = -5*m, -5*m + m + 723 = n. Is n prime?
False
Let p = 3 + -4. Let l be (-1 + 0)/(p/2). Is 2*(0 + 85/l) composite?
True
Suppose -3*x - 3 = -0*x, -x + 4 = i. Suppose i*y + 342 = 3*f, -f + y = 5*y - 131. Is f a prime number?
False
Suppose 0 = -6*r + r + 2*n + 6, r = 5*n - 8. Suppose -2*p - 100 = -r*v, -3*p - 66 = -2*v + 31. Is v a prime number?
True
Let o = 343 - -354. Is o prime?
False
Let v be 2 + 254 + -3 - -1. Suppose 0*f = -2*f + v. Is (5 + -4)/(1/f) composite?
False
Suppose 2*s + 4*d - 2 + 14 = 0, -3*d = -5*s - 4. Let a(x) = 3*x**2 - 1. Is a(s) composite?
False
Let u(n) = -n**2 + 6*n - 6. Let j be u(4). Suppose 0*w + 170 = j*w. Is w a prime number?
False
Let z = -9 + 17. Is z + 120 + 3/1 a prime number?
True
Let z = -9 - -9. Suppose 3*u + 3*p - 4*p - 558 = z, -3*p - 749 = -4*u. Is u composite?
True
Suppose -h = 4*h + 25. Let n = h - -19. Is n composite?
True
Let s be (-25)/(-35) - (-2)/7. Is s - (-2)/(-2)*-306 a composite number?
False
Let y(s) = -4*s + 3. Suppose 4*f + 14 + 6 = 0. Is y(f) composite?
False
Let n(g) = 876*g**3 + 2*g**2 - g. Is n(1) composite?
False
Suppose -o = -h - 4*h - 2568, 0 = -2*o + 4*h + 5130. Is o a composite number?
True
Let u(z) = -z**2 - 8*z - 8. Let o(l) = 2*l**2 + 9*l + 8. Let g(w) = 3*o(w) + 4*u(w). Is g(6) a composite number?
True
Suppose o = 2*f - 757, 0*f - 4*f - 4*o = -1496. Is f composite?
True
Let d(m) 